 a = t - 22. What are the prime factors of a?
3, 5
Let u = 837 - 501. List the prime factors of u.
2, 3, 7
Suppose -30*q - 4540 = -40*q. List the prime factors of q.
2, 227
Let w be ((-2)/4)/(-2 + (-218)/(-108)). Let x = -10 - w. What are the prime factors of x?
17
Let y(o) be the second derivative of -1/20*o**5 + 5/6*o**3 + 0 + 7/12*o**4 + 3*o - 7*o**2. What are the prime factors of y(6)?
2, 13
Let n = 3562 - 2489. List the prime factors of n.
29, 37
Let t(g) = -2*g**2 + 12*g + 2. Let q be t(6). Let u be (-4)/(-20) - q/10. Suppose -c = -u*c - 10. What are the prime factors of c?
2, 5
What are the prime factors of (1*-475 - -6)*-1?
7, 67
Let q(o) = -11*o + 1. Let c be q(6). Let h = c - -114. List the prime factors of h.
7
Let g = -35 + 113. Suppose 0 = -k - 2*k + g. Suppose -2*v = 4*a - k - 6, -69 = -3*v + a. What are the prime factors of v?
2, 11
Let h(j) = -2*j**2 - 4*j + 2. Let a be h(-2). Suppose a*l + 26 = 2*q - 306, -4*l = 3*q - 484. What are the prime factors of q?
2, 41
Let i(x) be the third derivative of 43*x**4/24 + 5*x**3/6 + 10*x**2. List the prime factors of i(1).
2, 3
Let l(a) = 27*a + 289. What are the prime factors of l(10)?
13, 43
Suppose 3*v - s - 517 = 0, -3*v = -5*v + 4*s + 358. List the prime factors of v.
3, 19
Suppose 2*s + 3*b = 8, -s - b + 1 = -1. Let q be -3 + s - -4 - -32. Suppose -u + q = -3. List the prime factors of u.
2, 17
Let c = 48 - 0. Suppose -4*w + 72 = 3*o, 0 = -3*w - 5*o + 17 + c. List the prime factors of w.
3, 5
List the prime factors of (1460/6)/(112/168).
5, 73
Let k(g) = 2*g**2 + 29*g + 59. List the prime factors of k(-35).
2, 3, 83
Let v = -85 + 239. Suppose 5*y = -v + 964. What are the prime factors of y?
2, 3
Let w be (60/(-14))/(12/(-56)). Suppose -4*m = w, -4*m + 186 + 94 = 5*o. List the prime factors of o.
2, 3, 5
Suppose 0 = -3*z + 2*w + 370, -3*z = 2*w - 283 - 79. Suppose j + 3*a - 13 = -a, 5*j - z = -a. Let v = -15 + j. List the prime factors of v.
2, 5
Suppose 2*j + 0*j - 8 = 0. Suppose j*o = 3*o + 63. Let f = -41 + o. List the prime factors of f.
2, 11
Let z be (1 - 2) + -1 - -3 - 1. Suppose 3*p + 13 - 394 = z. What are the prime factors of p?
127
Let h(b) = 8*b + 20. Suppose 3*y = 5*d - 28 - 15, 0 = 2*d + 3*y - 34. What are the prime factors of h(d)?
2, 3
Let o(u) = u**3 - 2*u**2 + 2*u + 1. Let t be o(-2). Let l = 7 + t. List the prime factors of ((-525)/l)/5*4.
5, 7
List the prime factors of (-1 - (-11286)/10) + (-90)/150.
7, 23
Suppose -3*y = -4*y. Let v be -5 + 27 - (y + 0). Suppose -n - 3*n = -5*t - 46, 2*n = 2*t + v. List the prime factors of n.
3
Suppose -4*h = h - s - 58, -3*h + 28 = -4*s. What are the prime factors of 213/h + (-3)/4?
17
Let a = 12 + -15. Let f be (a/9)/((-2)/18). Suppose 0 = -c - 0 + f. What are the prime factors of c?
3
Let c(v) = v**2 + 10*v - 9. Let j be c(-11). Suppose 88 - 68 = j*m. What are the prime factors of m?
2, 5
Suppose -3*q - 13 = -4*f - 3, 0 = -5*q + 3*f - 2. Suppose -4*w + 8*w = 3*h + 422, 4*w - 424 = q*h. List the prime factors of w.
107
Suppose t = -4*a + 3, -3*a + 5*a - 29 = 5*t. Suppose 0 = -2*z + 2*x + 418, 5*z + a*x - 212 = 847. List the prime factors of z.
211
Suppose -a + 407 = -5*k + 3253, -4 = -a. List the prime factors of k.
2, 3, 5, 19
Suppose -5*q + 3 = -4*v - 2*q, 2*v - q - 1 = 0. What are the prime factors of (-2)/v - 1812/(-18)?
2, 5
What are the prime factors of ((-20)/25)/((-6)/15375)?
2, 5, 41
Let g = 115 - -120. List the prime factors of g.
5, 47
Suppose 18 = 3*a + 6, -t - 2*a = -11. Suppose 0 = h + 3*h + 3*c - 52, 0 = t*h + 4*c - 46. List the prime factors of h.
2, 5
Let x = 113 - -99. Let i(n) = -78*n - 6. Let c be i(-3). Suppose 2*p = 5*w - 125 - c, 3*w - p = x. List the prime factors of w.
71
Let i(d) = 6*d + 19. Let z be i(-7). Let j = z + 68. List the prime factors of j.
3, 5
Suppose -4*k + 0*k - 3 = j, 2*j - 2*k - 14 = 0. Suppose j*q = 14*q - 657. List the prime factors of q.
73
Suppose -2*q + 6 = -2*y, 5*y + q = 19 - 4. Suppose -y*s + s = -6. List the prime factors of s.
2, 3
Suppose -w - 4*s + 39 = -400, w + 2*s = 439. List the prime factors of w.
439
Let m be 2/7*(-21)/(-3). Let o(q) = 5*q + 0*q + 11*q**2 - 6*q + 3*q**m. List the prime factors of o(1).
13
Let d(z) = -z**3 + 10 - 6*z**2 - 5*z**2 + 8*z**2 + 16*z**2 - 25*z. What are the prime factors of d(10)?
2, 3, 5
Suppose 3*m - 5*t + 11 = 0, 4 = m - 2*t + 9. List the prime factors of (-2*m/18)/(5/(-510)).
2, 17
Suppose -3 = -a + 1. Suppose -a*j + j + 156 = 0. Let l = j + -35. What are the prime factors of l?
17
Suppose 0 = -2*a + a. Suppose 2*c - 5*c - 39 = a. Let d(g) = g**2 + 11*g + 17. List the prime factors of d(c).
43
What are the prime factors of (-4 - 0)/((104/4452)/(-13))?
2, 3, 7, 53
Let h(z) = -19*z + 3*z + 6*z - 11. What are the prime factors of h(-21)?
199
Suppose -3*q + 1326 = -2628. List the prime factors of q.
2, 659
Suppose -4*i = 6*w - 4*w - 2038, 4*i - w = 2053. What are the prime factors of i?
2
Suppose -2*y + 722 = -y + n, 0 = -5*y - 2*n + 3625. What are the prime factors of y?
727
Suppose 53 = w - 34. Let p = w - 40. List the prime factors of p.
47
Let d = 69 - 37. Suppose 2*f = -4*v + 24, -2*v + 6*v + 4*f = d. Suppose k + 0*k + 3*m - 7 = 0, -v*k - 2*m + 28 = 0. What are the prime factors of k?
7
Let n = -2493 - -1716. What are the prime factors of 4/(-5) - n/15?
3, 17
Let w be (5 - (2 - -2)) + 5. Let k = -5 + w. Let b(f) = 23*f**3 - f**2 + 2*f - 2. List the prime factors of b(k).
2, 11
Suppose -3645 = -4*q + 5*t, 26*q - 27*q - 3*t + 907 = 0. List the prime factors of q.
2, 5, 7, 13
Let x(o) = o**2 - 7*o + 7. Let h be x(5). What are the prime factors of h/(3/(-1)) - -75?
2, 19
Let l = 900 + -627. List the prime factors of l.
3, 7, 13
Let c be (-126)/(-56) + 2/(-8). Suppose 5*l - c*l = 15. Suppose 4*t - l*v = 57, -3*t - 5*v = -37 + 3. List the prime factors of t.
13
Let s(r) = r**2 - 19*r - 3. Let m be 477/(-99) + (-1)/11*2. What are the prime factors of s(m)?
3, 13
Let t = -8 + 35. Let c = 47 - t. List the prime factors of 16/c*(-230)/(-4).
2, 23
Let w(k) = -k**3 - 9*k**2 - 20*k + 19. What are the prime factors of w(-12)?
691
Suppose 15910 = 5*s + 14*w - 9*w, 0 = -5*w - 25. List the prime factors of s.
3187
Suppose -14*m = -3*m - 1166. List the prime factors of m.
2, 53
Let m(s) = -3*s**3 + 0*s**3 + 9*s**2 - 10*s**2 + 4*s**3. Let k(c) = -4*c**3 - 2*c**2 - 5*c. Let d(h) = k(h) + 2*m(h). List the prime factors of d(-3).
3, 11
Let p be -2*2/22 + 96/44. List the prime factors of ((-1)/(-2))/(1*p/188).
47
Let z(o) = 78*o. Suppose 5*w = -5*j + 5, 5*w + j - 3*j - 5 = 0. What are the prime factors of z(w)?
2, 3, 13
Suppose 2*a = -2*n + 34, 2*a - 9 = -3*n + 24. Suppose 745 + 96 = 29*d. Let j = d - a. What are the prime factors of j?
11
Let b(r) = r**2 + 2*r - 12. Let d be b(0). Let h = d + 49. What are the prime factors of h?
37
Suppose 72 = -4*b - 20. Let l = 28 + b. Suppose 16 + 44 = l*t. What are the prime factors of t?
2, 3
List the prime factors of ((-1)/3)/((-10)/30930 - 0).
1031
Let f = -776 - -2663. List the prime factors of f.
3, 17, 37
Let u(c) = -164*c + 27. List the prime factors of u(-5).
7, 11
Let r(u) be the first derivative of 7*u**4/4 - u**3/3 + u**2 + 29. What are the prime factors of r(2)?
2, 7
Let s(n) = 33*n**2 + 21*n + 1. What are the prime factors of s(-6)?
1063
Suppose -3*l + 22 = 5*v, -3*l + 17 = -0*l + 4*v. Let q = 7 - l. Suppose 10*y - 80 = q*y. What are the prime factors of y?
2, 5
Suppose -28*u - 1315 = -33*u. Let c = u + -45. List the prime factors of c.
2, 109
Let s be 2 + 1 - (0 + -1). Suppose s*j + 6*i - 2*i = 172, 82 = 2*j + i. Suppose c - j + 6 = 0. What are the prime factors of c?
3, 11
Let x be 8*(-2 + (-10)/(-4)). Suppose 2*z + x*y = 6 + 68, -z = -3*y - 27. What are the prime factors of z?
3, 11
Let g(i) = -i**3 + 19*i**2 - 48*i + 3. What are the prime factors of g(15)?
3, 61
Suppose -h + 25 = 2*s, -3*s + 7*s + 5*h = 47. List the prime factors of (-2058)/(-26) + (-2)/s.
79
Suppose -3*x + 4*n - 20 = 0, 4*x - n = 5*x - 5. Suppose x = -0*d + 5*d - 230. List the prime factors of d.
2, 23
Let z = 170 - -662. List the prime factors of 12/((-8)/(z/(-6))).
2, 13
Let n be (-1186)/(-10) + (-8)/(-20). Let p = n - 44. What are the prime factors of p?
3, 5
Let c(j) = j**2 + 8*j + 12. Let n be c(-7). List the prime factors of (